[INFO] fetching crate progenitor 0.3.0...
[INFO] checking progenitor-0.3.0 against master#e6e4f7ed1589e03bc2f6c5931c1a72e7947e8682 for beta-170-4
[INFO] extracting crate progenitor 0.3.0 into /workspace/builds/worker-4-tc2/source
[INFO] validating manifest of crates.io crate progenitor 0.3.0 on toolchain e6e4f7ed1589e03bc2f6c5931c1a72e7947e8682
[INFO] running `Command { std: CARGO_HOME="/workspace/cargo-home" RUSTUP_HOME="/workspace/rustup-home" "/workspace/cargo-home/bin/cargo" "+e6e4f7ed1589e03bc2f6c5931c1a72e7947e8682" "metadata" "--manifest-path" "Cargo.toml" "--no-deps", kill_on_drop: false }`
[INFO] started tweaking crates.io crate progenitor 0.3.0
[INFO] finished tweaking crates.io crate progenitor 0.3.0
[INFO] tweaked toml for crates.io crate progenitor 0.3.0 written to /workspace/builds/worker-4-tc2/source/Cargo.toml
[INFO] crate crates.io crate progenitor 0.3.0 already has a lockfile, it will not be regenerated
[INFO] running `Command { std: CARGO_HOME="/workspace/cargo-home" RUSTUP_HOME="/workspace/rustup-home" "/workspace/cargo-home/bin/cargo" "+e6e4f7ed1589e03bc2f6c5931c1a72e7947e8682" "fetch" "--manifest-path" "Cargo.toml", kill_on_drop: false }`
[INFO] running `Command { std: "docker" "create" "-v" "/var/lib/crater-agent-workspace/builds/worker-4-tc2/target:/opt/rustwide/target:rw,Z" "-v" "/var/lib/crater-agent-workspace/builds/worker-4-tc2/source:/opt/rustwide/workdir:ro,Z" "-v" "/var/lib/crater-agent-workspace/cargo-home:/opt/rustwide/cargo-home:ro,Z" "-v" "/var/lib/crater-agent-workspace/rustup-home:/opt/rustwide/rustup-home:ro,Z" "-e" "SOURCE_DIR=/opt/rustwide/workdir" "-e" "CARGO_TARGET_DIR=/opt/rustwide/target" "-e" "CARGO_HOME=/opt/rustwide/cargo-home" "-e" "RUSTUP_HOME=/opt/rustwide/rustup-home" "-w" "/opt/rustwide/workdir" "-m" "1610612736" "--user" "0:0" "--network" "none" "ghcr.io/rust-lang/crates-build-env/linux@sha256:19e73879b68f455e41552ea35293514db52ea292d993f571636dbffedb77a1ee" "/opt/rustwide/cargo-home/bin/cargo" "+e6e4f7ed1589e03bc2f6c5931c1a72e7947e8682" "metadata" "--no-deps" "--format-version=1", kill_on_drop: false }`
[INFO] [stdout] 53efdfbde53d93e0e808ded7021a98122faddc07a07d1acc7105b02c6abf3a36
[INFO] running `Command { std: "docker" "start" "-a" "53efdfbde53d93e0e808ded7021a98122faddc07a07d1acc7105b02c6abf3a36", kill_on_drop: false }`
[INFO] running `Command { std: "docker" "inspect" "53efdfbde53d93e0e808ded7021a98122faddc07a07d1acc7105b02c6abf3a36", kill_on_drop: false }`
[INFO] running `Command { std: "docker" "rm" "-f" "53efdfbde53d93e0e808ded7021a98122faddc07a07d1acc7105b02c6abf3a36", kill_on_drop: false }`
[INFO] [stdout] 53efdfbde53d93e0e808ded7021a98122faddc07a07d1acc7105b02c6abf3a36
[INFO] running `Command { std: "docker" "create" "-v" "/var/lib/crater-agent-workspace/builds/worker-4-tc2/target:/opt/rustwide/target:rw,Z" "-v" "/var/lib/crater-agent-workspace/builds/worker-4-tc2/source:/opt/rustwide/workdir:ro,Z" "-v" "/var/lib/crater-agent-workspace/cargo-home:/opt/rustwide/cargo-home:ro,Z" "-v" "/var/lib/crater-agent-workspace/rustup-home:/opt/rustwide/rustup-home:ro,Z" "-e" "SOURCE_DIR=/opt/rustwide/workdir" "-e" "CARGO_TARGET_DIR=/opt/rustwide/target" "-e" "CARGO_INCREMENTAL=0" "-e" "RUST_BACKTRACE=full" "-e" "RUSTFLAGS=--cap-lints=forbid" "-e" "RUSTDOCFLAGS=--cap-lints=forbid" "-e" "CARGO_HOME=/opt/rustwide/cargo-home" "-e" "RUSTUP_HOME=/opt/rustwide/rustup-home" "-w" "/opt/rustwide/workdir" "-m" "1610612736" "--user" "0:0" "--network" "none" "ghcr.io/rust-lang/crates-build-env/linux@sha256:19e73879b68f455e41552ea35293514db52ea292d993f571636dbffedb77a1ee" "/opt/rustwide/cargo-home/bin/cargo" "+e6e4f7ed1589e03bc2f6c5931c1a72e7947e8682" "check" "--frozen" "--all" "--all-targets" "--message-format=json", kill_on_drop: false }`
[INFO] [stdout] 9719927d3ea2ba194c20591bc731b6a0b25710a8b259f158840016364abc47b7
[INFO] running `Command { std: "docker" "start" "-a" "9719927d3ea2ba194c20591bc731b6a0b25710a8b259f158840016364abc47b7", kill_on_drop: false }`
[INFO] [stderr]    Compiling proc-macro2 v1.0.56
[INFO] [stderr]    Compiling libc v0.2.141
[INFO] [stderr]    Compiling quote v1.0.26
[INFO] [stderr]    Compiling unicode-ident v1.0.8
[INFO] [stderr]    Compiling autocfg v1.1.0
[INFO] [stderr]    Compiling serde_derive v1.0.160
[INFO] [stderr]    Compiling serde v1.0.160
[INFO] [stderr]    Compiling memchr v2.5.0
[INFO] [stderr]    Compiling log v0.4.14
[INFO] [stderr]    Compiling syn v1.0.109
[INFO] [stderr]    Compiling pkg-config v0.3.24
[INFO] [stderr]    Compiling cfg-if v1.0.0
[INFO] [stderr]    Compiling ahash v0.8.3
[INFO] [stderr]     Checking itoa v1.0.1
[INFO] [stderr]    Compiling num-traits v0.2.14
[INFO] [stderr]    Compiling num-integer v0.1.44
[INFO] [stderr]    Compiling indexmap v1.9.3
[INFO] [stderr]     Checking once_cell v1.13.1
[INFO] [stderr]     Checking pin-project-lite v0.2.8
[INFO] [stderr]    Compiling thiserror v1.0.40
[INFO] [stderr]    Compiling futures-core v0.3.28
[INFO] [stderr]    Compiling ryu v1.0.9
[INFO] [stderr]    Compiling syn v2.0.15
[INFO] [stderr]     Checking bytes v1.4.0
[INFO] [stderr]    Compiling schemars v0.8.12
[INFO] [stderr]     Checking bitflags v1.3.2
[INFO] [stderr]    Compiling futures-task v0.3.28
[INFO] [stderr]     Checking futures-sink v0.3.28
[INFO] [stderr]     Checking lazy_static v1.4.0
[INFO] [stderr]    Compiling futures-channel v0.3.28
[INFO] [stderr]    Compiling jobserver v0.1.25
[INFO] [stderr]    Compiling cc v1.0.72
[INFO] [stderr]    Compiling time v0.1.43
[INFO] [stderr]    Compiling getrandom v0.2.4
[INFO] [stderr]    Compiling tokio v1.27.0
[INFO] [stderr]    Compiling heck v0.4.1
[INFO] [stderr]    Compiling futures-util v0.3.28
[INFO] [stderr]    Compiling tinyvec_macros v0.1.0
[INFO] [stderr]    Compiling iana-time-zone v0.1.47
[INFO] [stderr]     Checking hashbrown v0.12.1
[INFO] [stderr]    Compiling tinyvec v1.5.1
[INFO] [stderr]    Compiling hashbrown v0.13.2
[INFO] [stderr]     Checking socket2 v0.4.9
[INFO] [stderr]     Checking mio v0.8.4
[INFO] [stderr]    Compiling dyn-clone v1.0.4
[INFO] [stderr]     Checking slab v0.4.5
[INFO] [stderr]     Checking futures-io v0.3.28
[INFO] [stderr]     Checking fnv v1.0.7
[INFO] [stderr]     Checking pin-utils v0.1.0
[INFO] [stderr]    Compiling regress v0.6.0
[INFO] [stderr]     Checking tracing-core v0.1.21
[INFO] [stderr]     Checking http v0.2.9
[INFO] [stderr]    Compiling openssl-sys v0.9.83
[INFO] [stderr]    Compiling libz-sys v1.1.8
[INFO] [stderr]    Compiling unicode-normalization v0.1.19
[INFO] [stderr]    Compiling unicode-bidi v0.3.7
[INFO] [stderr]    Compiling openssl v0.10.48
[INFO] [stderr]    Compiling matches v0.1.9
[INFO] [stderr]    Compiling io-lifetimes v1.0.2
[INFO] [stderr]     Checking foreign-types-shared v0.1.1
[INFO] [stderr]    Compiling percent-encoding v2.2.0
[INFO] [stderr]    Compiling idna v0.2.3
[INFO] [stderr]    Compiling form_urlencoded v1.1.0
[INFO] [stderr]     Checking foreign-types v0.3.2
[INFO] [stderr]     Checking tracing v0.1.29
[INFO] [stderr]    Compiling libgit2-sys v0.14.2+1.5.1
[INFO] [stderr]    Compiling semver v1.0.16
[INFO] [stderr]    Compiling serde_derive_internals v0.26.0
[INFO] [stderr]    Compiling httparse v1.8.0
[INFO] [stderr]    Compiling rustix v0.37.7
[INFO] [stderr]    Compiling native-tls v0.2.11
[INFO] [stderr]    Compiling url v2.2.2
[INFO] [stderr]     Checking try-lock v0.2.3
[INFO] [stderr]     Checking linux-raw-sys v0.3.1
[INFO] [stderr]     Checking openssl-probe v0.1.5
[INFO] [stderr]     Checking ucd-trie v0.1.3
[INFO] [stderr]     Checking tokio-util v0.7.3
[INFO] [stderr]     Checking pest v2.1.3
[INFO] [stderr]     Checking want v0.3.0
[INFO] [stderr]     Checking http-body v0.4.4
[INFO] [stderr]     Checking aho-corasick v1.0.1
[INFO] [stderr]     Checking httpdate v1.0.2
[INFO] [stderr]     Checking regex-syntax v0.7.1
[INFO] [stderr]    Compiling encoding_rs v0.8.30
[INFO] [stderr]     Checking utf8parse v0.2.1
[INFO] [stderr]     Checking tower-service v0.3.1
[INFO] [stderr]     Checking anstyle-parse v0.2.0
[INFO] [stderr]    Compiling thiserror-impl v1.0.40
[INFO] [stderr]    Compiling futures-macro v0.3.28
[INFO] [stderr]     Checking semver-parser v0.10.2
[INFO] [stderr]     Checking is-terminal v0.4.7
[INFO] [stderr]    Compiling schemars_derive v0.8.12
[INFO] [stderr]    Compiling openssl-macros v0.1.0
[INFO] [stderr]     Checking regex v1.8.1
[INFO] [stderr]     Checking anstyle v1.0.0
[INFO] [stderr]     Checking anstyle-query v1.0.0
[INFO] [stderr]     Checking colorchoice v1.0.0
[INFO] [stderr]    Compiling unicode-width v0.1.9
[INFO] [stderr]     Checking same-file v1.0.6
[INFO] [stderr]     Checking walkdir v2.3.2
[INFO] [stderr]    Compiling getopts v0.2.21
[INFO] [stderr]     Checking anstream v0.3.0
[INFO] [stderr]     Checking semver v0.11.0
[INFO] [stderr]     Checking clap_lex v0.4.1
[INFO] [stderr]     Checking mime v0.3.16
[INFO] [stderr]    Compiling unsafe-libyaml v0.2.7
[INFO] [stderr]     Checking remove_dir_all v0.5.3
[INFO] [stderr]    Compiling project-root v0.2.2
[INFO] [stderr]     Checking strsim v0.10.0
[INFO] [stderr]     Checking fastrand v1.6.0
[INFO] [stderr]     Checking ipnet v2.3.1
[INFO] [stderr]    Compiling anyhow v1.0.70
[INFO] [stderr]     Checking home v0.5.3
[INFO] [stderr]     Checking base64 v0.21.0
[INFO] [stderr]     Checking toolchain_find v0.2.0
[INFO] [stderr]     Checking tempfile v3.3.0
[INFO] [stderr]     Checking clap_builder v4.2.5
[INFO] [stderr]    Compiling clap_derive v4.2.0
[INFO] [stderr]     Checking rand_core v0.6.3
[INFO] [stderr]     Checking tokio-native-tls v0.3.0
[INFO] [stderr]     Checking ppv-lite86 v0.2.16
[INFO] [stderr]     Checking rand_chacha v0.3.1
[INFO] [stderr]     Checking futures-executor v0.3.28
[INFO] [stderr]     Checking futures v0.3.28
[INFO] [stderr]     Checking rand v0.8.5
[INFO] [stderr]     Checking clap v4.2.5
[INFO] [stderr]     Checking serde_json v1.0.96
[INFO] [stderr]     Checking uuid v1.3.1
[INFO] [stderr]     Checking chrono v0.4.24
[INFO] [stderr]     Checking serde_urlencoded v0.7.1
[INFO] [stderr]     Checking toml v0.5.9
[INFO] [stderr]     Checking h2 v0.3.17
[INFO] [stderr]     Checking serde_yaml v0.9.21
[INFO] [stderr]    Compiling serde_tokenstream v0.2.0
[INFO] [stderr]     Checking openapiv3 v1.0.2
[INFO] [stderr]     Checking rustfmt-wrapper v0.2.0
[INFO] [stderr]     Checking typify-impl v0.0.12
[INFO] [stderr]    Compiling cargo-lock v8.0.3
[INFO] [stderr]     Checking hyper v0.14.26
[INFO] [stderr]     Checking hyper-tls v0.5.0
[INFO] [stderr]     Checking reqwest v0.11.16
[INFO] [stderr]     Checking progenitor-client v0.3.0
[INFO] [stderr]    Compiling git2 v0.16.1
[INFO] [stderr]    Compiling typify-macro v0.0.12
[INFO] [stderr]    Compiling typify v0.0.12
[INFO] [stderr]    Compiling progenitor-impl v0.3.0
[INFO] [stderr]    Compiling built v0.6.0
[INFO] [stderr]    Compiling progenitor v0.3.0 (/opt/rustwide/workdir)
[INFO] [stderr]    Compiling progenitor-macro v0.3.0
[INFO] [stdout] error: couldn't read file /opt/rustwide/workdir/../sample_openapi/nexus.json: No such file or directory (os error 2)
[INFO] [stdout]  --> tests/build_nexus.rs:7:35
[INFO] [stdout]   |
[INFO] [stdout] 7 |         progenitor::generate_api!("../sample_openapi/nexus.json");
[INFO] [stdout]   |                                   ^^^^^^^^^^^^^^^^^^^^^^^^^^^^^^
[INFO] [stdout] 
[INFO] [stdout] 
[INFO] [stdout] error: couldn't read file /opt/rustwide/workdir/../sample_openapi/param-overrides.yaml: No such file or directory (os error 2)
[INFO] [stdout]  --> tests/load_yaml.rs:2:31
[INFO] [stdout]   |
[INFO] [stdout] 2 |     progenitor::generate_api!("../sample_openapi/param-overrides.yaml");
[INFO] [stdout]   |                               ^^^^^^^^^^^^^^^^^^^^^^^^^^^^^^^^^^^^^^^^
[INFO] [stdout] 
[INFO] [stdout] 
[INFO] [stdout] error: couldn't read file /opt/rustwide/workdir/../sample_openapi/keeper.json: No such file or directory (os error 2)
[INFO] [stdout]  --> tests/build_keeper.rs:4:31
[INFO] [stdout]   |
[INFO] [stdout] 4 |     progenitor::generate_api!("../sample_openapi/keeper.json");
[INFO] [stdout]   |                               ^^^^^^^^^^^^^^^^^^^^^^^^^^^^^^^
[INFO] [stdout] 
[INFO] [stdout] 
[INFO] [stdout] error: couldn't read file /opt/rustwide/workdir/../sample_openapi/buildomat.json: No such file or directory (os error 2)
[INFO] [stdout]  --> tests/build_buildomat.rs:4:31
[INFO] [stdout]   |
[INFO] [stdout] 4 |     progenitor::generate_api!("../sample_openapi/buildomat.json");
[INFO] [stdout]   |                               ^^^^^^^^^^^^^^^^^^^^^^^^^^^^^^^^^^
[INFO] [stdout] 
[INFO] [stdout] 
[INFO] [stdout] error: couldn't read file /opt/rustwide/workdir/../sample_openapi/keeper.json: No such file or directory (os error 2)
[INFO] [stdout]   --> tests/build_keeper.rs:18:5
[INFO] [stdout]    |
[INFO] [stdout] 18 | /     progenitor::generate_api!(
[INFO] [stdout] 19 | |         spec = "../sample_openapi/keeper.json",
[INFO] [stdout] 20 | |         interface = Builder,
[INFO] [stdout] 21 | |         tags = Merged,
[INFO] [stdout] 22 | |     );
[INFO] [stdout]    | |_____^
[INFO] [stdout]    |
[INFO] [stdout]    = note: this error originates in the macro `progenitor::generate_api` (in Nightly builds, run with -Z macro-backtrace for more info)
[INFO] [stdout] 
[INFO] [stdout] 
[INFO] [stdout] error: couldn't read file /opt/rustwide/workdir/../sample_openapi/keeper.json: No such file or directory (os error 2)
[INFO] [stdout]   --> tests/build_keeper.rs:37:5
[INFO] [stdout]    |
[INFO] [stdout] 37 | /     progenitor::generate_api!(
[INFO] [stdout] 38 | |         spec = "../sample_openapi/keeper.json",
[INFO] [stdout] 39 | |         interface = Builder,
[INFO] [stdout] 40 | |         tags = Separate,
[INFO] [stdout] 41 | |     );
[INFO] [stdout]    | |_____^
[INFO] [stdout]    |
[INFO] [stdout]    = note: this error originates in the macro `progenitor::generate_api` (in Nightly builds, run with -Z macro-backtrace for more info)
[INFO] [stdout] 
[INFO] [stdout] 
[INFO] [stdout] error: couldn't read file /opt/rustwide/workdir/../sample_openapi/nexus.json: No such file or directory (os error 2)
[INFO] [stdout]   --> tests/build_nexus.rs:43:9
[INFO] [stdout]    |
[INFO] [stdout] 43 | /         progenitor::generate_api!(
[INFO] [stdout] 44 | |             spec = "../sample_openapi/nexus.json",
[INFO] [stdout] 45 | |             interface = Builder,
[INFO] [stdout] 46 | |             tags = Merged,
[INFO] [stdout] ...  |
[INFO] [stdout] 54 | |             }
[INFO] [stdout] 55 | |         );
[INFO] [stdout]    | |_________^
[INFO] [stdout]    |
[INFO] [stdout]    = note: this error originates in the macro `progenitor::generate_api` (in Nightly builds, run with -Z macro-backtrace for more info)
[INFO] [stdout] 
[INFO] [stdout] 
[INFO] [stdout] error: couldn't read file /opt/rustwide/workdir/../sample_openapi/buildomat.json: No such file or directory (os error 2)
[INFO] [stdout]   --> tests/build_buildomat.rs:12:5
[INFO] [stdout]    |
[INFO] [stdout] 12 | /     progenitor::generate_api!(
[INFO] [stdout] 13 | |         spec = "../sample_openapi/buildomat.json",
[INFO] [stdout] 14 | |         interface = Builder,
[INFO] [stdout] 15 | |         tags = Merged,
[INFO] [stdout] 16 | |     );
[INFO] [stdout]    | |_____^
[INFO] [stdout]    |
[INFO] [stdout]    = note: this error originates in the macro `progenitor::generate_api` (in Nightly builds, run with -Z macro-backtrace for more info)
[INFO] [stdout] 
[INFO] [stdout] 
[INFO] [stdout] error: couldn't read file /opt/rustwide/workdir/../sample_openapi/nexus.json: No such file or directory (os error 2)
[INFO] [stdout]   --> tests/build_nexus.rs:79:9
[INFO] [stdout]    |
[INFO] [stdout] 79 | /         progenitor::generate_api!(
[INFO] [stdout] 80 | |             spec = "../sample_openapi/nexus.json",
[INFO] [stdout] 81 | |             interface = Builder,
[INFO] [stdout] 82 | |             tags = Separate,
[INFO] [stdout] 83 | |         );
[INFO] [stdout]    | |_________^
[INFO] [stdout]    |
[INFO] [stdout]    = note: this error originates in the macro `progenitor::generate_api` (in Nightly builds, run with -Z macro-backtrace for more info)
[INFO] [stdout] 
[INFO] [stdout] 
[INFO] [stdout] error: couldn't read file /opt/rustwide/workdir/../sample_openapi/buildomat.json: No such file or directory (os error 2)
[INFO] [stdout]   --> tests/build_buildomat.rs:28:5
[INFO] [stdout]    |
[INFO] [stdout] 28 | /     progenitor::generate_api!(
[INFO] [stdout] 29 | |         spec = "../sample_openapi/buildomat.json",
[INFO] [stdout] 30 | |         interface = Builder,
[INFO] [stdout] 31 | |         tags = Separate,
[INFO] [stdout] 32 | |     );
[INFO] [stdout]    | |_____^
[INFO] [stdout]    |
[INFO] [stdout]    = note: this error originates in the macro `progenitor::generate_api` (in Nightly builds, run with -Z macro-backtrace for more info)
[INFO] [stdout] 
[INFO] [stdout] 
[INFO] [stdout] error: couldn't read file /opt/rustwide/workdir/../sample_openapi/propolis-server.json: No such file or directory (os error 2)
[INFO] [stdout]  --> tests/build_propolis.rs:5:5
[INFO] [stdout]   |
[INFO] [stdout] 5 | /     progenitor::generate_api!(
[INFO] [stdout] 6 | |         spec = "../sample_openapi/propolis-server.json",
[INFO] [stdout] 7 | |         interface = Builder,
[INFO] [stdout] 8 | |         tags = Merged,
[INFO] [stdout] 9 | |     );
[INFO] [stdout]   | |_____^
[INFO] [stdout]   |
[INFO] [stdout]   = note: this error originates in the macro `progenitor::generate_api` (in Nightly builds, run with -Z macro-backtrace for more info)
[INFO] [stdout] 
[INFO] [stdout] 
[INFO] [stdout] error[E0433]: failed to resolve: use of undeclared type `Client`
[INFO] [stdout]  --> tests/load_yaml.rs:5:17
[INFO] [stdout]   |
[INFO] [stdout] 5 |         let _ = Client::new("").key_get(None, None);
[INFO] [stdout]   |                 ^^^^^^ use of undeclared type `Client`
[INFO] [stdout]   |
[INFO] [stdout] help: consider importing this struct
[INFO] [stdout]   |
[INFO] [stdout] 2 +     use reqwest::Client;
[INFO] [stdout]   |
[INFO] [stdout] 
[INFO] [stdout] 
[INFO] [stdout] error[E0432]: unresolved imports `nexus_client::types`, `nexus_client::Client`
[INFO] [stdout]   --> tests/build_nexus.rs:10:24
[INFO] [stdout]    |
[INFO] [stdout] 10 |     use nexus_client::{types, Client};
[INFO] [stdout]    |                        ^^^^^  ^^^^^^ no `Client` in `positional::nexus_client`
[INFO] [stdout]    |                        |
[INFO] [stdout]    |                        no `types` in `positional::nexus_client`
[INFO] [stdout]    |
[INFO] [stdout]    = help: consider importing this struct instead:
[INFO] [stdout]            reqwest::Client
[INFO] [stdout] 
[INFO] [stdout] 
[INFO] [stdout] error[E0432]: unresolved import `nexus_client::Client`
[INFO] [stdout]   --> tests/build_nexus.rs:58:9
[INFO] [stdout]    |
[INFO] [stdout] 58 |     use nexus_client::Client;
[INFO] [stdout]    |         ^^^^^^^^^^^^^^^^^^^^ no `Client` in `builder_untagged::nexus_client`
[INFO] [stdout]    |
[INFO] [stdout] help: consider importing this struct instead
[INFO] [stdout]    |
[INFO] [stdout] 58 |     use reqwest::Client;
[INFO] [stdout]    |         ~~~~~~~~~~~~~~~
[INFO] [stdout] 
[INFO] [stdout] 
[INFO] [stdout] error[E0432]: unresolved import `nexus_client::prelude`
[INFO] [stdout]   --> tests/build_nexus.rs:86:23
[INFO] [stdout]    |
[INFO] [stdout] 86 |     use nexus_client::prelude::*;
[INFO] [stdout]    |                       ^^^^^^^ could not find `prelude` in `nexus_client`
[INFO] [stdout] 
[INFO] [stdout] 
[INFO] [stdout] error[E0432]: unresolved import `propolis_client::Client`
[INFO] [stdout]   --> tests/build_propolis.rs:12:5
[INFO] [stdout]    |
[INFO] [stdout] 12 | use propolis_client::Client;
[INFO] [stdout]    |     ^^^^^^^^^^^^^^^^^^^^^^^ no `Client` in `propolis_client`
[INFO] [stdout]    |
[INFO] [stdout] help: consider importing this struct instead
[INFO] [stdout]    |
[INFO] [stdout] 12 | use reqwest::Client;
[INFO] [stdout]    |     ~~~~~~~~~~~~~~~
[INFO] [stdout] 
[INFO] [stdout] 
[INFO] [stdout] error[E0433]: failed to resolve: could not find `types` in `nexus_client`
[INFO] [stdout]   --> tests/build_nexus.rs:62:37
[INFO] [stdout]    |
[INFO] [stdout] 62 |         let _ignore = nexus_client::types::IpNet::V4("".parse().unwrap());
[INFO] [stdout]    |                                     ^^^^^ could not find `types` in `nexus_client`
[INFO] [stdout] 
[INFO] [stdout] 
[INFO] [stdout] error[E0433]: failed to resolve: use of undeclared type `Client`
[INFO] [stdout]  --> tests/build_buildomat.rs:7:17
[INFO] [stdout]   |
[INFO] [stdout] 7 |         let _ = Client::new("").worker_task_upload_chunk("task", vec![0]);
[INFO] [stdout]   |                 ^^^^^^ use of undeclared type `Client`
[INFO] [stdout]   |
[INFO] [stdout] help: consider importing this struct
[INFO] [stdout]   |
[INFO] [stdout] 4 +     use reqwest::Client;
[INFO] [stdout]   |
[INFO] [stdout] 
[INFO] [stdout] 
[INFO] [stdout] error[E0433]: failed to resolve: use of undeclared type `Client`
[INFO] [stdout]   --> tests/build_buildomat.rs:19:17
[INFO] [stdout]    |
[INFO] [stdout] 19 |         let _ = Client::new("")
[INFO] [stdout]    |                 ^^^^^^ use of undeclared type `Client`
[INFO] [stdout]    |
[INFO] [stdout] help: consider importing this struct
[INFO] [stdout]    |
[INFO] [stdout] 12 +     use reqwest::Client;
[INFO] [stdout]    |
[INFO] [stdout] 
[INFO] [stdout] 
[INFO] [stdout] error[E0433]: failed to resolve: use of undeclared type `Client`
[INFO] [stdout]   --> tests/build_buildomat.rs:35:17
[INFO] [stdout]    |
[INFO] [stdout] 35 |         let _ = Client::new("")
[INFO] [stdout]    |                 ^^^^^^ use of undeclared type `Client`
[INFO] [stdout]    |
[INFO] [stdout] help: consider importing this struct
[INFO] [stdout]    |
[INFO] [stdout] 28 +     use reqwest::Client;
[INFO] [stdout]    |
[INFO] [stdout] 
[INFO] [stdout] 
[INFO] [stdout] error: aborting due to 2 previous errors
[INFO] [stdout] 
[INFO] [stdout] 
[INFO] [stdout] For more information about this error, try `rustc --explain E0433`.
[INFO] [stdout] 
[INFO] [stdout] error[E0433]: failed to resolve: could not find `types` in `nexus_client`
[INFO] [stdout]    --> tests/build_nexus.rs:102:39
[INFO] [stdout]     |
[INFO] [stdout] 102 |             .body(self::nexus_client::types::InstanceCreate::builder())
[INFO] [stdout]     |                                       ^^^^^ could not find `types` in `nexus_client`
[INFO] [stdout] 
[INFO] [stdout] 
[INFO] [stdout] error[E0433]: failed to resolve: use of undeclared type `Client`
[INFO] [stdout]   --> tests/build_nexus.rs:89:22
[INFO] [stdout]    |
[INFO] [stdout] 89 |         let client = Client::new("");
[INFO] [stdout]    |                      ^^^^^^ use of undeclared type `Client`
[INFO] [stdout]    |
[INFO] [stdout] help: consider importing this struct
[INFO] [stdout]    |
[INFO] [stdout] 76 +     use reqwest::Client;
[INFO] [stdout]    |
[INFO] [stdout] 
[INFO] [stdout] 
[INFO] [stdout] error[E0433]: failed to resolve: use of undeclared type `Client`
[INFO] [stdout]  --> tests/build_keeper.rs:7:17
[INFO] [stdout]   |
[INFO] [stdout] 7 |         let _ = Client::new("").enrol(
[INFO] [stdout]   |                 ^^^^^^ use of undeclared type `Client`
[INFO] [stdout]   |
[INFO] [stdout] help: consider importing this struct
[INFO] [stdout]   |
[INFO] [stdout] 4 +     use reqwest::Client;
[INFO] [stdout]   |
[INFO] [stdout] 
[INFO] [stdout] 
[INFO] [stdout] error[E0433]: failed to resolve: use of undeclared type `Client`
[INFO] [stdout]   --> tests/build_keeper.rs:25:17
[INFO] [stdout]    |
[INFO] [stdout] 25 |         let _ = Client::new("")
[INFO] [stdout]    |                 ^^^^^^ use of undeclared type `Client`
[INFO] [stdout]    |
[INFO] [stdout] help: consider importing this struct
[INFO] [stdout]    |
[INFO] [stdout] 18 +     use reqwest::Client;
[INFO] [stdout]    |
[INFO] [stdout] 
[INFO] [stdout] 
[INFO] [stdout] error[E0433]: failed to resolve: use of undeclared type `Client`
[INFO] [stdout]   --> tests/build_keeper.rs:44:17
[INFO] [stdout]    |
[INFO] [stdout] 44 |         let _ = Client::new("")
[INFO] [stdout]    |                 ^^^^^^ use of undeclared type `Client`
[INFO] [stdout]    |
[INFO] [stdout] help: consider importing this struct
[INFO] [stdout]    |
[INFO] [stdout] 37 +     use reqwest::Client;
[INFO] [stdout]    |
[INFO] [stdout] 
[INFO] [stdout] 
[INFO] [stderr] error: could not compile `progenitor` (test "load_yaml") due to 3 previous errors
[INFO] [stderr] warning: build failed, waiting for other jobs to finish...
[INFO] [stdout] error: aborting due to 2 previous errors
[INFO] [stdout] 
[INFO] [stdout] 
[INFO] [stdout] For more information about this error, try `rustc --explain E0432`.
[INFO] [stdout] 
[INFO] [stdout] error: aborting due to 6 previous errors
[INFO] [stdout] 
[INFO] [stdout] 
[INFO] [stdout] For more information about this error, try `rustc --explain E0433`.
[INFO] [stdout] 
[INFO] [stdout] error[E0433]: failed to resolve: use of undeclared crate or module `types`
[INFO] [stdout]  --> tests/build_keeper.rs:9:14
[INFO] [stdout]   |
[INFO] [stdout] 9 |             &types::EnrolBody {
[INFO] [stdout]   |              ^^^^^ use of undeclared crate or module `types`
[INFO] [stdout] 
[INFO] [stdout] 
[INFO] [stdout] error[E0433]: failed to resolve: use of undeclared crate or module `types`
[INFO] [stdout]   --> tests/build_keeper.rs:28:19
[INFO] [stdout]    |
[INFO] [stdout] 28 |             .body(types::EnrolBody {
[INFO] [stdout]    |                   ^^^^^ use of undeclared crate or module `types`
[INFO] [stdout] 
[INFO] [stdout] 
[INFO] [stdout] error[E0433]: failed to resolve: use of undeclared crate or module `types`
[INFO] [stdout]   --> tests/build_keeper.rs:47:19
[INFO] [stdout]    |
[INFO] [stdout] 47 |             .body(types::EnrolBody {
[INFO] [stdout]    |                   ^^^^^ use of undeclared crate or module `types`
[INFO] [stdout] 
[INFO] [stdout] 
[INFO] [stdout] error: aborting due to 9 previous errors
[INFO] [stdout] 
[INFO] [stdout] 
[INFO] [stdout] For more information about this error, try `rustc --explain E0433`.
[INFO] [stdout] 
[INFO] [stderr] error: could not compile `progenitor` (test "build_propolis") due to 3 previous errors
[INFO] [stderr] error: could not compile `progenitor` (test "build_buildomat") due to 7 previous errors
[INFO] [stderr] error: could not compile `progenitor` (test "build_keeper") due to 10 previous errors
[INFO] [stdout] warning: unused import: `futures::StreamExt`
[INFO] [stdout]  --> tests/build_nexus.rs:4:9
[INFO] [stdout]   |
[INFO] [stdout] 4 |     use futures::StreamExt;
[INFO] [stdout]   |         ^^^^^^^^^^^^^^^^^^
[INFO] [stdout]   |
[INFO] [stdout]   = note: `#[warn(unused_imports)]` on by default
[INFO] [stdout] 
[INFO] [stdout] 
[INFO] [stdout] warning: unused import: `futures::StreamExt`
[INFO] [stdout]   --> tests/build_nexus.rs:27:9
[INFO] [stdout]    |
[INFO] [stdout] 27 |     use futures::StreamExt;
[INFO] [stdout]    |         ^^^^^^^^^^^^^^^^^^
[INFO] [stdout] 
[INFO] [stdout] 
[INFO] [stdout] warning: unused import: `futures::StreamExt`
[INFO] [stdout]   --> tests/build_nexus.rs:76:9
[INFO] [stdout]    |
[INFO] [stdout] 76 |     use futures::StreamExt;
[INFO] [stdout]    |         ^^^^^^^^^^^^^^^^^^
[INFO] [stdout] 
[INFO] [stdout] 
[INFO] [stdout] error: aborting due to 9 previous errors; 3 warnings emitted
[INFO] [stdout] 
[INFO] [stdout] 
[INFO] [stdout] Some errors have detailed explanations: E0432, E0433.
[INFO] [stdout] 
[INFO] [stdout] For more information about an error, try `rustc --explain E0432`.
[INFO] [stdout] 
[INFO] [stderr] error: could not compile `progenitor` (test "build_nexus") due to 10 previous errors; 3 warnings emitted
[INFO] running `Command { std: "docker" "inspect" "9719927d3ea2ba194c20591bc731b6a0b25710a8b259f158840016364abc47b7", kill_on_drop: false }`
[INFO] running `Command { std: "docker" "rm" "-f" "9719927d3ea2ba194c20591bc731b6a0b25710a8b259f158840016364abc47b7", kill_on_drop: false }`
[INFO] [stdout] 9719927d3ea2ba194c20591bc731b6a0b25710a8b259f158840016364abc47b7
